{"id":398,"date":"2025-04-17T09:55:59","date_gmt":"2025-04-17T09:55:59","guid":{"rendered":"https:\/\/ciadef.com.br\/?page_id=398"},"modified":"2025-04-17T10:22:42","modified_gmt":"2025-04-17T10:22:42","slug":"balao-intragastrico","status":"publish","type":"page","link":"https:\/\/ciadef.com.br\/index.php\/balao-intragastrico\/","title":{"rendered":"Bal\u00e3o Intrag\u00e1strico"},"content":{"rendered":"\t\t<div data-elementor-type=\"wp-page\" data-elementor-id=\"398\" class=\"elementor elementor-398\">\n\t\t\t\t<div class=\"elementor-element elementor-element-12c140a e-grid e-con-boxed e-con e-parent\" data-id=\"12c140a\" data-element_type=\"container\">\n\t\t\t\t\t<div class=\"e-con-inner\">\n\t\t\t\t<div class=\"elementor-element elementor-element-462fbba elementor-widget elementor-widget-text-editor\" data-id=\"462fbba\" data-element_type=\"widget\" data-widget_type=\"text-editor.default\">\n\t\t\t\t<div class=\"elementor-widget-container\">\n\t\t\t<style>\/*! elementor - v3.23.0 - 25-07-2024 *\/\n.elementor-widget-text-editor.elementor-drop-cap-view-stacked .elementor-drop-cap{background-color:#69727d;color:#fff}.elementor-widget-text-editor.elementor-drop-cap-view-framed .elementor-drop-cap{color:#69727d;border:3px solid;background-color:transparent}.elementor-widget-text-editor:not(.elementor-drop-cap-view-default) .elementor-drop-cap{margin-top:8px}.elementor-widget-text-editor:not(.elementor-drop-cap-view-default) .elementor-drop-cap-letter{width:1em;height:1em}.elementor-widget-text-editor .elementor-drop-cap{float:left;text-align:center;line-height:1;font-size:50px}.elementor-widget-text-editor .elementor-drop-cap-letter{display:inline-block}<\/style>\t\t\t\t<p>O Bal\u00e3o Intrag\u00e1strico vem sendo utilizado desde a d\u00e9cada de 80, sofrendo diversas modifica\u00e7\u00f5es e adapta\u00e7\u00f5es nos \u00faltimos trinta anos, tornando-se, a partir do s\u00e9culo XXI, uma das principais alternativas pouco invasivas para o tratamento da obesidade, competindo diretamente com as medidas mais cl\u00e1ssicas, como a cirurgia bari\u00e1trica.<\/p><p>Este dispositivo consiste em uma estrutura em forma de bal\u00e3o que \u00e9 inserida por meio de endoscopia digestiva alta no interior do est\u00f4mago, onde \u00e9 preenchido, geralmente, com um l\u00edquido contendo um corante, permitindo que qualquer vazamento seja rapidamente identificado, at\u00e9 que ocupe cerca de 70% da capacidade g\u00e1strica. O seu princ\u00edpio de funcionamento \u00e9 relativamente simples: por ocupar grande parte do volume estomacal, aumenta a sensa\u00e7\u00e3o de saciedade e reduz a ingest\u00e3o de alimentos, especialmente de alimentos fortes e pesados, induzindo, ao longo do tempo, uma redu\u00e7\u00e3o gradual e progressiva do peso. Sua retirada \u00e9, atualmente, realizada em at\u00e9 12 meses ap\u00f3s sua coloca\u00e7\u00e3o, variando de acordo com o tipo e a marca do bal\u00e3o, tamb\u00e9m atrav\u00e9s de procedimento endosc\u00f3pico. Alguns dos dispositivos mais modernos dispon\u00edveis no mercado s\u00e3o ajust\u00e1veis, ou seja, podem ter seu conte\u00fado alterado (para mais ou para menos), ao longo do tratamento, a fim de facilitar a adapta\u00e7\u00e3o do paciente ao bal\u00e3o e de corrigir os objetivos do tratamento. Estes ajustes s\u00e3o realizados atrav\u00e9s de procedimentos r\u00e1pidos e extremamente seguros.<\/p><p>Atualmente, pode-se indicar a coloca\u00e7\u00e3o do bal\u00e3o intrag\u00e1strico em indiv\u00edduos que tenham IMC (\u00edndice que relaciona peso e altura) de 27 kg\/m\u02c62 ou mais, podendo ser utilizado mais precocemente que procedimentos mais invasivos, como a cirurgia bari\u00e1trica. Al\u00e9m disso, o bal\u00e3o intrag\u00e1strico tamb\u00e9m \u00e9 utilizado em indiv\u00edduos com IMC muito alto, de 50 ou mais, a fim de reduzir o peso o suficiente para que se realize uma cirurgia bari\u00e1trica.<\/p><p><b>A perda ponderal com utiliza\u00e7\u00e3o de bal\u00e3o intrag\u00e1strico pode chegar a 30kg durante o tratamento<\/b>, e os <b>efeitos adversos da coloca\u00e7\u00e3o deste dispositivo incluem n\u00e1useas, v\u00f4mitos, dor abdominal, eructa\u00e7\u00e3o, constipa\u00e7\u00e3o e refluxo<\/b>, geralmente sendo controlados atrav\u00e9s de medicamentos, e costumam desaparecer ap\u00f3s as primeiras semanas. Caso haja persist\u00eancia dos sintomas ou o paciente n\u00e3o se adapte ao bal\u00e3o mesmo ap\u00f3s a redu\u00e7\u00e3o dos efeitos adversos, o paciente pode solicitar a retirada precoce do bal\u00e3o.<\/p><p>Por fim, \u00e9 muito importante ressaltar que o <b>bal\u00e3o, por si s\u00f3, n\u00e3o reduz o peso<\/b>: a fun\u00e7\u00e3o dele \u00e9 facilitar a ado\u00e7\u00e3o de dietas mais saud\u00e1veis, evitando que o paciente sofra tanto com as restri\u00e7\u00f5es alimentares que devem ser adotadas para que se controle o peso de forma saud\u00e1vel e o mais naturalmente poss\u00edvel. Sendo assim, mesmo com a coloca\u00e7\u00e3o do bal\u00e3o intrag\u00e1strico, o ideal \u00e9 que sempre haja a atua\u00e7\u00e3o conjunta de uma equipe multiprofissional, composta por nutricionista, m\u00e9dico, educador f\u00edsico e psic\u00f3logo e que o paciente esteja preparado para se submeter a uma mudan\u00e7a &#8211; para melhor &#8211; no seu estilo de vida.<\/p>\t\t\t\t\t\t<\/div>\n\t\t\t\t<\/div>\n\t\t\t\t\t<\/div>\n\t\t\t\t<\/div>\n\t\t\t\t<\/div>\n\t\t","protected":false},"excerpt":{"rendered":"<p>O Bal\u00e3o Intrag\u00e1strico vem sendo utilizado desde a d\u00e9cada de 80, sofrendo diversas modifica\u00e7\u00f5es e adapta\u00e7\u00f5es nos \u00faltimos trinta anos, tornando-se, a partir do s\u00e9culo XXI, uma das principais alternativas pouco invasivas para o tratamento da obesidade, competindo diretamente com as medidas mais cl\u00e1ssicas, como a cirurgia bari\u00e1trica. Este dispositivo consiste em uma estrutura em [&hellip;]<\/p>\n","protected":false},"author":2,"featured_media":0,"parent":0,"menu_order":0,"comment_status":"closed","ping_status":"closed","template":"","meta":{"footnotes":""},"class_list":["post-398","page","type-page","status-publish","hentry"],"_links":{"self":[{"href":"https:\/\/ciadef.com.br\/index.php\/wp-json\/wp\/v2\/pages\/398","targetHints":{"allow":["GET"]}}],"collection":[{"href":"https:\/\/ciadef.com.br\/index.php\/wp-json\/wp\/v2\/pages"}],"about":[{"href":"https:\/\/ciadef.com.br\/index.php\/wp-json\/wp\/v2\/types\/page"}],"author":[{"embeddable":true,"href":"https:\/\/ciadef.com.br\/index.php\/wp-json\/wp\/v2\/users\/2"}],"replies":[{"embeddable":true,"href":"https:\/\/ciadef.com.br\/index.php\/wp-json\/wp\/v2\/comments?post=398"}],"version-history":[{"count":7,"href":"https:\/\/ciadef.com.br\/index.php\/wp-json\/wp\/v2\/pages\/398\/revisions"}],"predecessor-version":[{"id":440,"href":"https:\/\/ciadef.com.br\/index.php\/wp-json\/wp\/v2\/pages\/398\/revisions\/440"}],"wp:attachment":[{"href":"https:\/\/ciadef.com.br\/index.php\/wp-json\/wp\/v2\/media?parent=398"}],"curies":[{"name":"wp","href":"https:\/\/api.w.org\/{rel}","templated":true}]}}