{"id":381,"date":"2025-04-17T09:46:52","date_gmt":"2025-04-17T09:46:52","guid":{"rendered":"https:\/\/ciadef.com.br\/?page_id=381"},"modified":"2025-04-17T10:20:48","modified_gmt":"2025-04-17T10:20:48","slug":"hemorroidas","status":"publish","type":"page","link":"https:\/\/ciadef.com.br\/index.php\/hemorroidas\/","title":{"rendered":"Hemorr\u00f3idas"},"content":{"rendered":"\t\t<div data-elementor-type=\"wp-page\" data-elementor-id=\"381\" class=\"elementor elementor-381\">\n\t\t\t\t<div class=\"elementor-element elementor-element-7300b3a e-grid e-con-boxed e-con e-parent\" data-id=\"7300b3a\" data-element_type=\"container\">\n\t\t\t\t\t<div class=\"e-con-inner\">\n\t\t\t\t<div class=\"elementor-element elementor-element-e9d38ae elementor-widget elementor-widget-text-editor\" data-id=\"e9d38ae\" data-element_type=\"widget\" data-widget_type=\"text-editor.default\">\n\t\t\t\t<div class=\"elementor-widget-container\">\n\t\t\t<style>\/*! elementor - v3.23.0 - 25-07-2024 *\/\n.elementor-widget-text-editor.elementor-drop-cap-view-stacked .elementor-drop-cap{background-color:#69727d;color:#fff}.elementor-widget-text-editor.elementor-drop-cap-view-framed .elementor-drop-cap{color:#69727d;border:3px solid;background-color:transparent}.elementor-widget-text-editor:not(.elementor-drop-cap-view-default) .elementor-drop-cap{margin-top:8px}.elementor-widget-text-editor:not(.elementor-drop-cap-view-default) .elementor-drop-cap-letter{width:1em;height:1em}.elementor-widget-text-editor .elementor-drop-cap{float:left;text-align:center;line-height:1;font-size:50px}.elementor-widget-text-editor .elementor-drop-cap-letter{display:inline-block}<\/style>\t\t\t\t<div class=\"row-fluid\"><div class=\"span12\"><p>Apesar da m\u00e1 fama que possuem, as Hemorroidas s\u00e3o, na verdade, estruturas normais do corpo humano, que est\u00e3o presentes em toda a vida do indiv\u00edduo e que consistem em um emaranhado de veias respons\u00e1veis pela drenagem do sangue da regi\u00e3o anal.<\/p><p>A doen\u00e7a hemorroid\u00e1ria em si, muitas vezes referida simplesmente como hemorroida, ocorre quando, por fatores externos e internos, uma ou mais das veias hemorroid\u00e1rias sofre trombose, ou seja, tem seu fluxo interrompido. A interrup\u00e7\u00e3o do fluxo sangu\u00edneo nestas veias provoca seu ingurgitamento (&#8220;incha\u00e7o&#8221;), tornando-as extremamente sens\u00edveis, fr\u00e1geis, e suscet\u00edveis \u00e0 sangramento. As hemorroidas podem ser internas ou externas, o que depende de quais veias do plexo hemorroid\u00e1rio foram afetadas.<\/p><p>Dentre as causas da doen\u00e7a hemorroid\u00e1ria, as mais comuns s\u00e3o a constipa\u00e7\u00e3o cr\u00f4nica, o abuso de laxantes, o grande esfor\u00e7o na evacua\u00e7\u00e3o (comum em indiv\u00edduos constipados) e esfor\u00e7os f\u00edsicos intensos. Al\u00e9m disso, indiv\u00edduos com outras disfun\u00e7\u00f5es intestinais, como S\u00edndrome do Intestino Irrit\u00e1vel, s\u00e3o mais suscet\u00edveis e devem ser alertados para a possibilidade de aparecimento de hemorroidas.<\/p><p>Quanto aos sinais e sintomas, as <b>hemorroidas internas<\/b> costumam provocar presen\u00e7a de sangue vivo nas fezes e\/ou presen\u00e7a de pequena quantidade de muco nas roupas \u00edntimas, sendo a dor pouco presente nestes casos. J\u00e1 as <b>hemorroidas externas<\/b> s\u00e3o caracterizadas por dor durante a evacua\u00e7\u00e3o, coceira na regi\u00e3o anal e sensibilidade ao toque durante a higieniza\u00e7\u00e3o.<\/p><p>Existem diversas op\u00e7\u00f5es de tratamento para doen\u00e7a hemorroid\u00e1ria, desde \u201cbanhos de assento&#8221; at\u00e9 procedimentos ambulatoriais simples e seguros. No entanto, em grande parte das vezes, as hemorroidas podem desaparecer espontaneamente, embora nem sempre valha a pena esperar, devido ao desconforto que provocam.<\/p><p>Tamb\u00e9m vale lembrar que n\u00e3o se deve ter vergonha de sofrer de doen\u00e7a hemorroid\u00e1ria: pode ocorrer com qualquer um e conversar com seu m\u00e9dico sobre isso pode lhe poupar de bastante sofrimento.<\/p><\/div><\/div><div class=\"row-fluid\"><div class=\"span12 alert alert-success\"><p><b>Cabe, por fim, ressaltar algumas dicas que podem auxiliar na redu\u00e7\u00e3o do aparecimento de hemorroidas:<\/b><\/p><ol><li>Ingerir alimenta\u00e7\u00e3o rica em fibras;<\/li><li>Beber, pelo menos, dois litros de \u00e1gua por dia;<\/li><li>Evitar realizar grandes esfor\u00e7os durante a evacua\u00e7\u00e3o;<\/li><li>Higienizar a regi\u00e3o anal com \u00e1gua ou com len\u00e7os umedecidos, e n\u00e3o com papel higi\u00eanico;<\/li><li>Tratar, com profissionais capacitados, os dist\u00farbios que facilitam desenvolvimento de hemorroidas, como constipa\u00e7\u00e3o e s\u00edndrome do intestino irrit\u00e1vel.<\/li><\/ol><\/div><\/div>\t\t\t\t\t\t<\/div>\n\t\t\t\t<\/div>\n\t\t\t\t\t<\/div>\n\t\t\t\t<\/div>\n\t\t\t\t<\/div>\n\t\t","protected":false},"excerpt":{"rendered":"<p>Apesar da m\u00e1 fama que possuem, as Hemorroidas s\u00e3o, na verdade, estruturas normais do corpo humano, que est\u00e3o presentes em toda a vida do indiv\u00edduo e que consistem em um emaranhado de veias respons\u00e1veis pela drenagem do sangue da regi\u00e3o anal. A doen\u00e7a hemorroid\u00e1ria em si, muitas vezes referida simplesmente como hemorroida, ocorre quando, por [&hellip;]<\/p>\n","protected":false},"author":2,"featured_media":0,"parent":0,"menu_order":0,"comment_status":"closed","ping_status":"closed","template":"","meta":{"footnotes":""},"class_list":["post-381","page","type-page","status-publish","hentry"],"_links":{"self":[{"href":"https:\/\/ciadef.com.br\/index.php\/wp-json\/wp\/v2\/pages\/381","targetHints":{"allow":["GET"]}}],"collection":[{"href":"https:\/\/ciadef.com.br\/index.php\/wp-json\/wp\/v2\/pages"}],"about":[{"href":"https:\/\/ciadef.com.br\/index.php\/wp-json\/wp\/v2\/types\/page"}],"author":[{"embeddable":true,"href":"https:\/\/ciadef.com.br\/index.php\/wp-json\/wp\/v2\/users\/2"}],"replies":[{"embeddable":true,"href":"https:\/\/ciadef.com.br\/index.php\/wp-json\/wp\/v2\/comments?post=381"}],"version-history":[{"count":7,"href":"https:\/\/ciadef.com.br\/index.php\/wp-json\/wp\/v2\/pages\/381\/revisions"}],"predecessor-version":[{"id":431,"href":"https:\/\/ciadef.com.br\/index.php\/wp-json\/wp\/v2\/pages\/381\/revisions\/431"}],"wp:attachment":[{"href":"https:\/\/ciadef.com.br\/index.php\/wp-json\/wp\/v2\/media?parent=381"}],"curies":[{"name":"wp","href":"https:\/\/api.w.org\/{rel}","templated":true}]}}