{"id":369,"date":"2025-04-17T09:40:17","date_gmt":"2025-04-17T09:40:17","guid":{"rendered":"https:\/\/ciadef.com.br\/?page_id=369"},"modified":"2025-04-17T10:17:08","modified_gmt":"2025-04-17T10:17:08","slug":"doenca-diverticular","status":"publish","type":"page","link":"https:\/\/ciadef.com.br\/index.php\/doenca-diverticular\/","title":{"rendered":"Doen\u00e7a Diverticular"},"content":{"rendered":"\t\t<div data-elementor-type=\"wp-page\" data-elementor-id=\"369\" class=\"elementor elementor-369\">\n\t\t\t\t<div class=\"elementor-element elementor-element-13447ad e-grid e-con-boxed e-con e-parent\" data-id=\"13447ad\" data-element_type=\"container\">\n\t\t\t\t\t<div class=\"e-con-inner\">\n\t\t\t\t<div class=\"elementor-element elementor-element-d3f5b7a elementor-widget elementor-widget-text-editor\" data-id=\"d3f5b7a\" data-element_type=\"widget\" data-widget_type=\"text-editor.default\">\n\t\t\t\t<div class=\"elementor-widget-container\">\n\t\t\t<style>\/*! elementor - v3.23.0 - 25-07-2024 *\/\n.elementor-widget-text-editor.elementor-drop-cap-view-stacked .elementor-drop-cap{background-color:#69727d;color:#fff}.elementor-widget-text-editor.elementor-drop-cap-view-framed .elementor-drop-cap{color:#69727d;border:3px solid;background-color:transparent}.elementor-widget-text-editor:not(.elementor-drop-cap-view-default) .elementor-drop-cap{margin-top:8px}.elementor-widget-text-editor:not(.elementor-drop-cap-view-default) .elementor-drop-cap-letter{width:1em;height:1em}.elementor-widget-text-editor .elementor-drop-cap{float:left;text-align:center;line-height:1;font-size:50px}.elementor-widget-text-editor .elementor-drop-cap-letter{display:inline-block}<\/style>\t\t\t\t<section><article><div class=\"container\"><div class=\"margem-corpo\"><article><div class=\"conteudo\"><div class=\"row-fluid\"><div class=\"span12\"><h2>Diverticulose e Doen\u00e7a Diverticular<\/h2><img decoding=\"async\" class=\"img-responsive\" title=\"Diverticulose de Intestino Grosso, Doen\u00e7a Diverticular e Diverticulite\" src=\"https:\/\/antigo.ciadef.com.br\/imagens\/material-informativo\/doenca-diverticular.gif\" alt=\"Diverticulose de Intestino Grosso, Doen\u00e7a Diverticular e Diverticulite\" align=\"right\" \/><p>Divert\u00edculos s\u00e3o pequenas proje\u00e7\u00f5es, em forma de bal\u00f5es ou sacos, de todas as camadas do intestino grosso para o interior da cavidade abdominal, formando esp\u00e9cies de &#8220;ap\u00eandices&#8221; intestinais. Quando estas proje\u00e7\u00f5es ocorrem atravessando a camada externa do intestino, mas sem inclu\u00ed-la, recebem o nome de <strong>pseudodivert\u00edculos<\/strong> e, quando atravessam a camada muscular do intestino, sem inclu\u00ed-la, s\u00e3o denominadas <strong>hernia\u00e7\u00f5es<\/strong> (assim como, por exemplo, a h\u00e9rnia inguinal, que consiste na passagem de conte\u00fado do canal inguinal atrav\u00e9s dos m\u00fasculos da parede abdominal).<\/p><p>Estes divert\u00edculos s\u00e3o extremamente comuns na idade adulta, estando presentes em cerca de 60% dos indiv\u00edduos com 60 anos de idade, e se formam ao longo da vida devido \u00e0 press\u00e3o cont\u00ednua que a musculatura intestinal exerce sobre as paredes do intestino, especialmente nas regi\u00f5es mais fr\u00e1geis e em indiv\u00edduos com dist\u00farbios de motilidade intestinal.<\/p><p>Na maior parte das vezes, estes divert\u00edculos s\u00e3o completamente assintom\u00e1ticos, e podem permanecer desta forma por toda a vida. Em alguns casos, s\u00e3o achados casuais (ou seja, sem repercuss\u00e3o em termos de tratamento) em exames de imagem (como tomografia computadorizada) ou colonoscopia (onde aparecem como pequenos orif\u00edcios ao longo da luz intestinal). Nestes casos, costuma-se classificar o indiv\u00edduo como portador de<strong> diverticulose assintom\u00e1tica<\/strong>.<\/p><p>Por\u00e9m, em alguns indiv\u00edduos podem desenvolver o que se denomina doen\u00e7a diverticular ou <strong>diverticulose sintom\u00e1tica<\/strong>: estes indiv\u00edduos apresentam um ou mais de diversos sintomas que podem ser associados \u00e0 presen\u00e7a dos divert\u00edculos, como sangramento, dor abdominal (especialmente no abdome inferior esquerdo), constipa\u00e7\u00e3o e, uma das complica\u00e7\u00f5es mais conhecidas, <strong>diverticulite<\/strong>.<\/p><\/div><\/div><div class=\"row-fluid\"><div class=\"span12\"><h2>Diverticulite<\/h2><p>A diverticulite consiste em um processo inflamat\u00f3rio intenso e descontrolado que ocorre no interior de um ou mais dos divert\u00edculos, de forma semelhante ao que ocorre na apendicite. Assim como na apendicite, os fatores que desencadeiam a rea\u00e7\u00e3o inflamat\u00f3ria s\u00e3o a perfura\u00e7\u00e3o (microsc\u00f3pica ou macrosc\u00f3pica) da parede do divert\u00edculo, seja por press\u00e3o, seja por restos de alimentos, ou, menos frequentemente, a obstru\u00e7\u00e3o da luz (&#8220;canal&#8221;) dos divert\u00edculos por restos de alimento (especialmente gr\u00e3os de milho) ou de pequenos peda\u00e7os de fezes endurecidas (mais frequente em indiv\u00edduos que sofrem de constipa\u00e7\u00e3o), o que promove o crescimento descontrolado de microrganismos no interior do divert\u00edculo.<\/p><p>Esta complica\u00e7\u00e3o ocorre em cerca de 4% a 15% dos indiv\u00edduos com diverticulose e est\u00e1 diretamente relacionada a h\u00e1bitos alimentares inadequados e ao sedentarismo.<\/p><p>Entre os sintomas mais comuns, encontram-se dor em abdome inferior, n\u00e1useas, v\u00f4mitos e constipa\u00e7\u00e3o e as complica\u00e7\u00f5es, embora nem sempre ocorram, podem ser graves, como forma\u00e7\u00e3o de f\u00edstulas (esp\u00e9cies de canais entre duas estruturas ocas) e perfura\u00e7\u00e3o intestinal.<\/p><p>Abaixo, seguem algumas orienta\u00e7\u00f5es diet\u00e9ticas e comportamentais que podem auxiliar no combate aos sintomas da diverticulite.<\/p><\/div><\/div><div class=\"row-fluid\"><div class=\"span12\"><div class=\"span12 alert alert-success\"><h2>Orienta\u00e7\u00e3o diet\u00e9tica para dieta para Diverticulite<\/h2><ol><li>\u00c9 indispens\u00e1vel comer devagar, mastigando muito bem os alimentos<\/li><li>N\u00e3o ingerir gr\u00e3os que n\u00e3o sejam muito bem triturados e desmanchados, para isto, al\u00e9m da sele\u00e7\u00e3o dos alimentos, dever\u00e1 haver uma \u00f3tima mastiga\u00e7\u00e3o. Ex.:arroz<br \/>Feij\u00e3o e lentilha ingerir de prefer\u00eancia somente os caldos, se quiser ingerir o gr\u00e3o somente bem amassado ou liquidificado Da mesma forma gr\u00e3os duros e cereais \u00edntegros devem ser evitados, preferir farinhas e farelos<\/li><li>N\u00e3o engolir sementes de nenhuma esp\u00e9cie, sementes de frutas (Ex.: bergamota, laranja, mam\u00e3o, mel\u00e3o, etc.). Evitar ervilha e milho<\/li><li>Evitar alimentos formadores de gases como: batata-doce, feij\u00e3o, rabanete, nabo, couve flor e br\u00f3colis<\/li><li>N\u00e3o comer pipocas, pois as cascas ir\u00e3o ter o mesmo efeito das sementes, podendo se depositar nos divert\u00edculos<\/li><li>Testar a toler\u00e2ncia \u00e0 lactose e se necess\u00e1rio, substituir por leite de soja<\/li><li>N\u00e3o consumir alimentos muito temperados, picantes (pimenta, alho, molhos prontos, catchup, mostarda, p\u00e1prica, etc.) e \u00e1cidos (frutas c\u00edtricas \u00e1cidas) e embutidos (salsich\u00e3o, lingui\u00e7a, salsicha, presunto, salame italiano, pat\u00eas)<\/li><li>Preferir as carnes brancas e mastigar bem antes de ingerir<\/li><li>Evitar alimentos gordurosos como frituras, carnes gordas e gorduras em geral<\/li><li>Lembre-se sempre: o seu bem-estar ir\u00e1 depender do tipo de alimento consumido, caso observar que algum alimento possa desencadear dor, retire-o da dieta e observe se ir\u00e1 haver melhora<\/li><li>Durante as crises de diverticulite, o recomendado \u00e9 uma dieta pobre em fibras, evitando frutas com mam\u00e3o ameixa e frutas com a casca<\/li><li>Nos per\u00edodos livres do quadro agudo de diverticulite, recomenda-se dieta rica em fibras e ingest\u00e3o adequada com l\u00edquidos, pois esses dois fatores ajudam a umedecer e aumentar o volume das fezes, diminuindo o esfor\u00e7o para evacuar, podendo aliviar sintomas e prevenir a forma\u00e7\u00e3o de novos divert\u00edculos, mesmo para aqueles que nunca tiveram diverticulite<\/li><\/ol><\/div><\/div><\/div><\/div><\/article><\/div><\/div><\/article><\/section><footer><div class=\"footer\"><div class=\"container\"><div class=\"row-fluid\"><div class=\"logorodape mright\">\u00a0<\/div><\/div><\/div><\/div><\/footer>\t\t\t\t\t\t<\/div>\n\t\t\t\t<\/div>\n\t\t\t\t\t<\/div>\n\t\t\t\t<\/div>\n\t\t\t\t<\/div>\n\t\t","protected":false},"excerpt":{"rendered":"<p>Diverticulose e Doen\u00e7a Diverticular Divert\u00edculos s\u00e3o pequenas proje\u00e7\u00f5es, em forma de bal\u00f5es ou sacos, de todas as camadas do intestino grosso para o interior da cavidade abdominal, formando esp\u00e9cies de &#8220;ap\u00eandices&#8221; intestinais. Quando estas proje\u00e7\u00f5es ocorrem atravessando a camada externa do intestino, mas sem inclu\u00ed-la, recebem o nome de pseudodivert\u00edculos e, quando atravessam a camada [&hellip;]<\/p>\n","protected":false},"author":2,"featured_media":0,"parent":0,"menu_order":0,"comment_status":"closed","ping_status":"closed","template":"","meta":{"footnotes":""},"class_list":["post-369","page","type-page","status-publish","hentry"],"_links":{"self":[{"href":"https:\/\/ciadef.com.br\/index.php\/wp-json\/wp\/v2\/pages\/369","targetHints":{"allow":["GET"]}}],"collection":[{"href":"https:\/\/ciadef.com.br\/index.php\/wp-json\/wp\/v2\/pages"}],"about":[{"href":"https:\/\/ciadef.com.br\/index.php\/wp-json\/wp\/v2\/types\/page"}],"author":[{"embeddable":true,"href":"https:\/\/ciadef.com.br\/index.php\/wp-json\/wp\/v2\/users\/2"}],"replies":[{"embeddable":true,"href":"https:\/\/ciadef.com.br\/index.php\/wp-json\/wp\/v2\/comments?post=369"}],"version-history":[{"count":7,"href":"https:\/\/ciadef.com.br\/index.php\/wp-json\/wp\/v2\/pages\/369\/revisions"}],"predecessor-version":[{"id":419,"href":"https:\/\/ciadef.com.br\/index.php\/wp-json\/wp\/v2\/pages\/369\/revisions\/419"}],"wp:attachment":[{"href":"https:\/\/ciadef.com.br\/index.php\/wp-json\/wp\/v2\/media?parent=369"}],"curies":[{"name":"wp","href":"https:\/\/api.w.org\/{rel}","templated":true}]}}